ite?
False
Let n = 48 - 36. Suppose -38 = -10*p + n. Let i(s) = 214*s - 3. Is i(p) a prime number?
False
Let d(n) = -n**2 + 11*n - 24. Let r be d(7). Suppose -2*i + r*l + 765 = -785, -15 = -5*l. Suppose 3*w - 113 = i. Is w composite?
True
Is -9 - -13 - (-11 + -298936) a composite number?
True
Is 0 - -3 - (-18 + 15) - -831961 a prime number?
True
Suppose 3*z = 7*g - 8*g + 153, 552 = 4*g - 3*z. Let l = 310 - g. Let o = l - 24. Is o a prime number?
False
Suppose 0 = 4*f + 5*y - 0*y - 16254, f - y - 4068 = 0. Suppose -5*p + 560 = -465. Let a = f + p. Is a prime?
True
Suppose 0 = -4*z + z + 9, -4*z = -2*y - 4. Suppose 2765 = 22*p - 2691. Suppose 60 + p = y*c. Is c a composite number?
True
Suppose 0 = 11*d - 19*d + 3304. Let i be 872/((-2)/(-3)*1). Suppose l = i - d. Is l a prime number?
False
Let u = -28 + 27. Let o(r) = 10347*r**2 - 38*r - 38. Is o(u) a composite number?
True
Let l be 18*2/(-12)*-8. Suppose l = q + 3. Suppose -q*m = -17*m - 596. Is m composite?
False
Suppose -8*w - 200538 - 54549 = -17*w. Is w a composite number?
True
Let t = 27348 - 2476. Suppose 13*p - t = 5*p. Is p a prime number?
True
Suppose -13*q + 64470 = -8*q - 5*u, 4*q - 13*u - 51621 = 0. Is q a composite number?
False
Suppose 138*q = 133*q, -2*q = 3*p - 4*q - 211713. Is p a prime number?
True
Suppose 4 = -2*r + 4*w, 75*r - 8 = 76*r - 4*w. Is (191/r)/((-49)/(-2156)) a composite number?
True
Let j(z) = 10*z**3 - 177*z**2 - 10*z - 586. Is j(53) composite?
True
Let x(d) = 351*d**2 + 18*d - 10. Let q be x(5). Let c = 17428 - q. Is c a prime number?
True
Let w(z) = -z**3 + 10*z**2 + 8*z + 36. Let q be w(11). Suppose -4*t = -2*m - 0*t + 32362, -q*t = -4*m + 64729. Is m composite?
False
Suppose -3 = -4*n + 3*n. Suppose -5207 = -n*v - 29. Is (v/(-6) + 3)/((-4)/6) prime?
False
Let r be (-227624)/(-18) + (-26)/(-117). Suppose -2*l = -5*x + r, x - 2*l = -x + 5056. Suppose 2*m - x = 772. Is m prime?
False
Let g be 876/(-8)*(10/3)/(-5). Let v = g + 48. Is v a prime number?
False
Let o = 24335 - -2508. Is o prime?
False
Let f(h) = -h**3 + 6*h**2 - 4*h + 37. Let v be f(6). Let i(t) = -2*t**3 + 14*t**2 + 14*t - 32. Let o be i(v). Is (o/(-4))/(8/16) prime?
False
Let r(x) be the first derivative of 128*x**3 + x**2 - 3*x - 98. Let u be (3 - 4)/((-2)/4). Is r(u) a composite number?
True
Let t(z) = -z**3 + 54*z**2 + 9*z - 133. Is t(-44) a composite number?
False
Suppose -143*g = -21*g - 1224514. Is g composite?
False
Let i = -70195 + 159632. Is i prime?
False
Suppose -30*s + 6*s + 120 = 0. Suppose -23917 = -s*b - q, 3*q - 9570 = -2*b + q. Is b a composite number?
False
Suppose 0 = -4*j + 6*j + 11156. Let r = -2837 - j. Is r a composite number?
False
Suppose -7 + 7 = 5*k. Suppose 5*a + 5*v = 6895, -4*a - 3*v + 5518 = -k*v. Is a prime?
True
Let n be 2/(-4 - (-54)/12). Suppose -n*l + 1214 + 6758 = 0. Is l a composite number?
False
Suppose -2473990 = -4*i - 3*c, -4*c + 618475 = i - 7*c. Is i a composite number?
True
Let g = 26 - 60. Let o = g - -29. Is o/((-25)/(-15)) + 956 a prime number?
True
Let z(w) = -353*w + 86. Let r be z(-9). Suppose j + 2*j - 5*y - r = 0, 2*j = -y + 2158. Is j prime?
False
Let k(h) = 3044*h**3 - 16*h**2 + 13*h - 28. Is k(3) a prime number?
False
Suppose 5*z - 20*z + 120 = 0. Let j(x) = 301*x + 21. Is j(z) composite?
True
Is (-1 - 1) + ((-10)/65 - (-7782655)/65) composite?
True
Let u = -441 - -447. Suppose u*p - 11*p + 6805 = 0. Is p composite?
False
Suppose 291967 = 4*h + 5*i + 17412, 3*h + 5*i - 205910 = 0. Is h a composite number?
True
Let o(c) = 25*c**3 + 22*c**2 + 90*c - 3. Let u be o(-9). Let b = u + 39661. Is b a composite number?
True
Let o(v) = 295*v**2 - 85*v - 79. Is o(24) composite?
False
Suppose -7*v = 16*v - 455259 - 222298. Is v composite?
True
Let g(d) = -5194*d + 211. Is g(-52) prime?
True
Suppose 4*s - 139*n - 4123061 = -136*n, -3*s = 4*n - 3092277. Is s prime?
True
Suppose 0 = 6*a - 10*a + 48. Suppose a = 3*o + o. Suppose -1787 = -o*i + 376. Is i prime?
False
Suppose -4*q + 5*h + 1250901 = 0, -3*q - 4*h = -6*q + 938177. Is q prime?
False
Suppose -608*t + 510*t = -119970914. Is t a composite number?
False
Let u be (-1779)/9 + (-2)/(-3). Suppose 4*a - 4 = -5*y - 52, -y - 3*a = 3. Let n = y - u. Is n prime?
False
Suppose -28*a - 63*a - 117230 = -1229887. Is a composite?
False
Is ((-957484)/132)/(2/(-6)) a composite number?
True
Let p = 50 - 94. Is 2*-19622*(p/(-16) - 3) a composite number?
False
Let f(i) = -i**3 + 5*i**2 + 2*i - 25. Let d be f(4). Let n be -1 - d*1/1. Suppose -5*z + 15 = n, 2*s = 5*s + 5*z - 1296. Is s a composite number?
True
Let z(d) = -7*d**3 + 70 + 33*d - 56*d**2 + 9*d + 42*d - 9*d**3. Let p(l) = -3*l**3 - 11*l**2 + 17*l + 14. Let r(a) = 11*p(a) - 2*z(a). Is r(-13) a prime number?
True
Let i(p) = 4*p + 41. Let c be i(-10). Is 3/c - 285110/(-35) a composite number?
True
Let y(u) = 3108*u**2 + 22*u - 5. Let m(f) = -6216*f**2 - 47*f + 9. Let r(z) = 4*m(z) + 9*y(z). Is r(2) a composite number?
True
Is 15/30*(170819 + 1) - (-15 + 16) a composite number?
True
Let x(b) = -34*b**3 + 17*b**2 + 12*b - 34. Let f be x(-9). Let j = f - 14872. Is j a prime number?
True
Is (4/(4/(-66455)))/((-148)/148) prime?
False
Suppose -25 = -3*i - t + 1, -5*i = t - 44. Let p be (-2)/i - 20/(-90). Suppose p*b - 5*x - 734 = -3*b, 3*b + 3*x - 774 = 0. Is b a prime number?
False
Let m(v) = 52163*v - 199. Is m(6) prime?
True
Let a(j) = -97*j + 3 - 8 + 667*j. Let y be a(1). Let u = -114 + y. Is u a composite number?
True
Is (13/(-39))/((-1)/3309) composite?
False
Let p(y) = y**3 + 3*y**2 + 14*y - 8. Let z be p(6). Let c be ((-7750)/(-75))/(4/(-18)). Let l = z - c. Is l composite?
True
Suppose -d = -f + 6270, 2*f = -16*d + 11*d + 12512. Suppose 15*r - 439 - f = 0. Is r prime?
False
Suppose 54*l + 8*l - 876494 = 0. Is l prime?
False
Suppose -3*n + 7023 + 3648 = 0. Is n a composite number?
False
Suppose -37*v + 28*v = 36. Let b be (-1746)/4 - 1/2 - v. Let r = 613 - b. Is r composite?
True
Let t = 645 + -643. Suppose 5*c = c, t*c + 2668 = 4*f. Is f composite?
True
Let s = 31 + -28. Suppose -5*r - s = -6*r. Suppose 5*x + 2*k = -1719 + 6604, -5*k = r*x - 2912. Is x prime?
False
Suppose -7108375 + 1422927 = -70*u + 4706122. Is u a prime number?
False
Suppose -5*d + 6*d = 6449. Is d prime?
True
Is (-174)/2001 + (-3222350)/(-46) composite?
False
Suppose -13*h - 5867 = 32444. Let z = 6954 + h. Is z a prime number?
True
Suppose -5*w = 29 - 44. Suppose t + 12 = -w*t, 0 = 5*b - 3*t - 24. Suppose -2*n + 1711 = -u - 6453, b*n - 12255 = -3*u. Is n composite?
True
Is 663/117*(44947 - -2) composite?
True
Suppose -j - 6*w + 7 = -5*w, -w + 4 = 0. Suppose 5*d - 946 = j*b, -d + 2*d - 4*b - 179 = 0. Is d a composite number?
False
Is 556495/170*(-3*2)/(-3) prime?
True
Suppose -11*f - 7 - 169 = 0. Let p(c) = 13*c**2 - 5*c + 83. Is p(f) prime?
True
Let g = -25723 + 123802. Is g a prime number?
False
Suppose 85*z = 43*z + 23966502. Is z a composite number?
True
Suppose -4*c + 3*k = 4*k - 20, -c - 5*k = -5. Suppose -s + 2 = 0, -c*s - 1900 = 2*z - 0*s. Let j = -618 - z. Is j composite?
False
Let l(d) = -1125*d**2 + 4*d - 2. Let x(p) = p**2 - p - 1. Let f(g) = l(g) + 4*x(g). Let j(r) = -224*r**2 - 1. Let y(v) = 2*f(v) - 11*j(v). Is y(-2) prime?
True
Let f = 32 - 175. Let q(h) = 2*h**3 - 48*h**2 - 58*h - 52. Let y be q(25). Let r = f - y. Is r a composite number?
False
Let j(y) = -48669*y - 6424. Is j(-19) composite?
True
Suppose -34*i = 222*i - 81*i - 11814950. Is i a prime number?
False
Let j = -156 - -160. Suppose 4*r - 12 = -4*p, -3*r - 6 + 1 = -j*p. Is (-3)/(9/6) + (p - -95) a prime number?
False
Let m(t) be the third derivative of -7*t**6/40 + t**5/12 - 13*t**4/24 + 7*t**3/2 + 9*t**2 - 5. Is m(-8) composite?
False
Let u = 245 + -1040. Let b = 1137 + u. Suppose -4*g = 5*l - b - 105, -2*l = -3*g + 341. Is g composite?
False
Let n(i) = 1207*i + 78. Is n(47) a prime number?
True
Let i(d) = 8*d**2 + 5*d + 8. Let x(j) be the first derivative of j**3/3 + 3*j**2/2 - j + 16. Let c be x(2). Is i(c) a composite number?
False
Suppose -1580668 = 2*g - 49*g + 1686819. Is g a prime number?
False
Let d = -4 + 17. Suppose -w = -d*w + 312. Suppose 23*a = w*a - 5079. Is a composite?
False
Let i(k) = 54084*k**3 + 5*k**2 - 5*k - 1. Is i(1) prime?
True
Let d be (-2 + (-52)/(-14))*(-28)/8. Is 2415428/(-51)*(d/